s divided by m - (-3 + (1 - 2))?
1
Calculate the remainder when 58 is divided by 12/(-10)*(-75)/6.
13
Let a(w) = 16*w**2 - 6*w**2 + 8*w**2 - w. Calculate the remainder when a(-1) is divided by 7.
5
Suppose 4 - 31 = 3*a. Let x = a + -5. Let m = -10 - x. Calculate the remainder when 11 is divided by m.
3
Calculate the remainder when 38 is divided by (1/2)/(9/252).
10
Let r(s) = s**2 - 13*s + 13. Suppose 3*h - 94 = 98. Calculate the remainder when h is divided by r(13).
12
Let a = 10 + -5. Calculate the remainder when a is divided by 2.
1
Suppose 0 = -c - x + 15, -2*x + x = 0. Suppose -2*f = -4*f - 192. What is the remainder when (-1 + f/(-9))*3 is divided by c?
14
Suppose 5*p = -s + 5, -4*s + 4*p + 10 = -34. Suppose 0 = -b + 37 + s. Suppose -b = -5*y + 8. What is the remainder when y is divided by 4?
3
What is the remainder when (-3)/1*42/(-9) is divided by (-4)/(2/(-4)*1)?
6
Let r(v) = -10 + 5*v**3 - 4*v**3 - v**2 - 2*v**3 + v + 0*v**3. Let c be r(0). What is the remainder when (-28)/c*(8 - 3) is divided by 8?
6
Calculate the remainder when 137 is divided by ((-20)/(-8))/((-2)/(-28)).
32
Let o = -4 - -12. Calculate the remainder when (-304)/(-14) - 26/(-91) is divided by o.
6
Let v = 3 + -13. Calculate the remainder when (15/v)/(1/(-12)) is divided by 10.
8
Let f = -527 - -1092. Suppose -92 = -k + 2*g, -167 = 4*k - 2*g - f. Calculate the remainder when k is divided by 26.
24
Let a = 133 - 95. What is the remainder when a is divided by 13?
12
Let m = -3 + 15. Let d(v) = -17*v. Let r be (3/(-2))/(6/8). What is the remainder when d(r) is divided by m?
10
Let k(p) = -8 + 5*p + 2 - p. Suppose -2*h = 5*f - 32, 4*h - 3*f = -4*f + 28. Calculate the remainder when k(h) is divided by 10.
8
Suppose 164 + 266 = 10*w. What is the remainder when w is divided by 15?
13
Let i(a) = 15*a**2 - a. Suppose 5*h + 15 = 0, 2*b - 4*h = b + 11. Let r = b + 2. Calculate the remainder when i(r) is divided by 8.
6
Suppose -5*t = c + 6 + 18, -4*c = 16. Suppose 2*l + 22 = 3*v, -l + 2*l + 23 = 3*v. What is the remainder when ((-7)/1)/(2/t) is divided by v?
6
Let i be 1/((6/(-52))/(-3)). Suppose 2*p + d = i, -3*p + 3*d - 8 = -4*p. Calculate the remainder when (-52)/(-5)*80/32 is divided by p.
12
Let w = -28 + 63. Calculate the remainder when w is divided by 9.
8
Suppose -78 = -5*g + 2. Calculate the remainder when 41 is divided by g.
9
Suppose -5*f + f = 5*m - 74, -4*m - 5*f + 61 = 0. What is the remainder when m is divided by 4?
2
Suppose -8 = 5*w - w. What is the remainder when w/3*(-318)/4 is divided by ((-9)/12)/((-1)/24)?
17
Suppose 3*d - 183 = 3*j, 3*d + 5*j - 80 = 95. Let r = -26 - -57. Calculate the remainder when d is divided by r.
29
Let r(k) = k**3 - k**2 - 3*k + 1. Calculate the remainder when r(3) is divided by (-54)/(-6) + -5 + 0.
2
Let g = -16 + 25. What is the remainder when 17 is divided by g?
8
Suppose -2*f + 27 = -37. Suppose l - 12 = g, -8 = 4*l + 2*g - f. What is the remainder when l is divided by 5?
3
Let r(n) = n**3 + 6*n**2 + 3*n + 3. Suppose -2*a + 259 = 2*a - s, -4*s = 5*a - 308. What is the remainder when a is divided by r(-5)?
12
Let n = 26 - 14. Calculate the remainder when n/(-66) + 1082/22 is divided by 13.
10
Let d(g) = -g + 45. What is the remainder when 41 is divided by d(22)?
18
Let f = -3 + 21. Suppose -q + 46 = m, m - 139 = 5*q - 399. What is the remainder when q is divided by f?
15
Suppose 54 = i + m, 3*i - 3*m - 174 = -6. Suppose i = -2*d + 7*d. Calculate the remainder when 21 is divided by d.
10
Let m(w) = -3*w**2 + 22*w + 14. Suppose z = -2*q + 18, 2*q = -2*z - q + 32. Calculate the remainder when m(6) is divided by z.
8
Let s = 28 - 3. Suppose 3*q - 8*q = -s. Suppose -q*g - 2 = -62. What is the remainder when g is divided by 7?
5
What is the remainder when (-154)/(-8)*(-4 - -6 - -2) is divided by 6?
5
Let v = 7 + 5. Let b = -2 - -8. Let w = 13 - b. What is the remainder when v is divided by w?
5
Suppose 3*q - 134 = -v, -5*q + 8*v + 230 = 3*v. Let p = 10 + 6. What is the remainder when q is divided by p?
13
Let b be 12/(-28) - (-274)/(-14). Let c = 16 - b. Suppose -3*d - 15 = -72. What is the remainder when c is divided by d?
17
Let d = -98 - -113. Calculate the remainder when d is divided by 6.
3
Suppose -3*x + 22 = -4*x. Let s = 32 + x. What is the remainder when 27 is divided by s?
7
Let b = -2 - 5. Calculate the remainder when 13 is divided by b*-1*(-2 - -3).
6
Let z = -8 - -12. Let j be (-1*z)/(0 + 2). What is the remainder when (-4)/j*187/22 is divided by 6?
5
Let i be 6/(-27) + (-38)/(-9). Suppose i*c - 2*c = 0. Suppose c = 3*l - 33. Calculate the remainder when 21 is divided by l.
10
Let x(b) = -b**2 - 7*b - 1. Let i be x(-6). Let j = i + 49. Let l = 86 + -72. What is the remainder when j is divided by l?
12
Let x(p) = -p**3 - 11*p**2 + 14*p + 27. Calculate the remainder when 27 is divided by x(-12).
0
Let l(b) = -b**3 + 4*b**2 + b. Let q be l(4). Let w = 4 - q. Suppose -o + 4*d + 50 = o, -3*o + 5*d + 71 = w. Calculate the remainder when 32 is divided by o.
15
Suppose -c + 12 = 3*c. Suppose -5*w + 3*w = -c*q - 134, 5*q - 41 = -w. Calculate the remainder when w is divided by 16.
13
Calculate the remainder when 199 + 2/1*-2 is divided by 33.
30
Suppose 6 - 30 = -4*j. Let z(b) = -b**3 + 4*b**2 + 8*b - 4. Calculate the remainder when z(5) is divided by j.
5
What is the remainder when 4 - ((1 - 4) + -14) is divided by 4?
1
Suppose 4 = -a + 3*l, -a + 2*l - 1 = -0. Let x(b) = b - 1. Let j be x(a). Suppose -o = -2*o + j. What is the remainder when 10 is divided by o?
2
Suppose a = -5*m + 41, -4*a + 89 = -2*a + 3*m. Let q be (192/(-15))/(-2)*10. Suppose -q = 2*j - 6*j. What is the remainder when a is divided by j?
14
Suppose 3*s - 8 - 43 = 0. Let w(q) = q**3 - 8*q**2 - 5*q + 14. Calculate the remainder when w(9) is divided by s.
16
Suppose 2*g + 146 = 4*a, 3*g - 14 = -a + 26. Let r = -58 + 66. Calculate the remainder when a is divided by r.
5
Suppose -6 = -3*h + 5*i - 0, -4*i - 4 = -2*h. Suppose -5 = -d, h*p - 4*d + 28 = -2*p. Let l = p - -8. What is the remainder when 16 is divided by l?
4
Suppose p = -a + 2, 4*a - 14 = -2*p + p. Suppose 62 = a*u + 10. What is the remainder when 24 is divided by u?
11
Let f = 49 - 18. Suppose 2*x + 3*y = 105, -2*x = -5*y - f - 98. Calculate the remainder when x is divided by 15.
12
Let c = -3 - -7. Suppose -5*p - 170 = -4*f, -p + c*p - 34 = -f. What is the remainder when f is divided by 21?
19
Let z(k) = 6*k**3 - 5*k**2 - 14*k - 9. Let r(d) = 2*d**3 - 2*d**2 - 5*d - 3. Let p(g) = 8*r(g) - 3*z(g). What is the remainder when p(-2) is divided by 6?
5
Let d(u) = u - 11. Let q be d(11). Suppose q*k - 44 = -2*k + 4*g, 4*k = 4*g + 68. What is the remainder when 35 is divided by k?
11
Suppose g - 4*g + 285 = 0. Calculate the remainder when g is divided by 24.
23
Suppose 0 = 4*t - 0*t - 48. Calculate the remainder when 46 is divided by t.
10
Let g = 109 - 45. Let a = -36 + g. Calculate the remainder when a is divided by 15.
13
Let m(k) = -k**2 - 3*k - 3. Let w be m(-2). Let n(r) = 2*r**3 + 3*r**2 - 2*r + 1. What is the remainder when n(2) is divided by (39/9)/(w/(-3))?
12
Let i(t) be the third derivative of -t**5/60 + 3*t**4/8 - 3*t**2. What is the remainder when 52 is divided by i(6)?
16
Let s(x) be the second derivative of -x**5/20 - 5*x**4/12 + x**3 + 2*x**2 + 2*x. What is the remainder when 11 is divided by s(-6)?
3
Let d = 60 - 41. Let x = d - 10. What is the remainder when 26 is divided by x?
8
Let t = 6 + -10. Let l be 9/2*t/(-6). Let j = l - -2. What is the remainder when 13 is divided by j?
3
Let w(a) = 3*a - 5. Let t be 7 - 2/(-4)*-6. What is the remainder when w(t) is divided by 5?
2
Let q = 7 + -4. Let g = q - 1. Suppose -15 = w - g*w. Calculate the remainder when 28 is divided by w.
13
Suppose -w = 7 - 29. Calculate the remainder when w is divided by 12.
10
Let r(z) = -2*z**2 - 8*z + 2. Let s be r(-7). Let b = s + 59. Calculate the remainder when b is divided by 10.
9
Let q = 9 + 4. Calculate the remainder when q is divided by 5.
3
Let h(l) = 5*l - 7. Let j(r) = r. Let m(c) = -h(c) + 4*j(c). Calculate the remainder when m(5) is divided by 2.
0
Let b be (8/(-10))/(18/(-45)). What is the remainder when 27 is divided by 0 - 2/b*-7?
6
Let z(w) = 41*w - 5. Let i be z(7). Suppose 2*q - 5*q + i = 0. L